{"id":378,"date":"2024-07-11T12:59:03","date_gmt":"2024-07-11T10:59:03","guid":{"rendered":"https:\/\/gorkapradas.com\/?page_id=378"},"modified":"2024-07-23T01:39:51","modified_gmt":"2024-07-22T23:39:51","slug":"biografia","status":"publish","type":"page","link":"https:\/\/gorkapradas.com\/index.php\/biografia\/","title":{"rendered":"Biograf\u00eda"},"content":{"rendered":"\n<div class=\"wp-block-columns is-layout-flex wp-container-core-columns-is-layout-1 wp-block-columns-is-layout-flex\">\n<div class=\"wp-block-column is-layout-flow wp-block-column-is-layout-flow\" style=\"flex-basis:100%\">\n<h3 class=\"wp-block-heading has-text-align-center\">Top 111 de j\u00f3venes con mayor potencial de Espa\u00f1a,<\/h3>\n\n\n\n<h3 class=\"wp-block-heading has-text-align-center\">Top 10 en movilidad<\/h3>\n\n\n\n<figure class=\"wp-block-image size-full\"><img fetchpriority=\"high\" decoding=\"async\" width=\"1280\" height=\"853\" src=\"https:\/\/gorkapradas.com\/wp-content\/uploads\/2024\/07\/photo_2024-07-23_01-04-02.jpg\" alt=\"\" class=\"wp-image-634\" srcset=\"https:\/\/gorkapradas.com\/wp-content\/uploads\/2024\/07\/photo_2024-07-23_01-04-02.jpg 1280w, https:\/\/gorkapradas.com\/wp-content\/uploads\/2024\/07\/photo_2024-07-23_01-04-02-300x200.jpg 300w, https:\/\/gorkapradas.com\/wp-content\/uploads\/2024\/07\/photo_2024-07-23_01-04-02-1024x682.jpg 1024w, https:\/\/gorkapradas.com\/wp-content\/uploads\/2024\/07\/photo_2024-07-23_01-04-02-768x512.jpg 768w\" sizes=\"(max-width: 1280px) 100vw, 1280px\" \/><\/figure>\n\n\n\n<h3 class=\"wp-block-heading has-text-align-center\">Movilidad, sostenibilidad, liderazgo y comunicaci\u00f3n. Fundamentos que me definen para ofrecer todo lo que tengo a mi alcance y me permiten aportar un enorme valor all\u00e1 donde trabajo. \u00a1Sigue!<\/h3>\n\n\n\n<hr class=\"wp-block-separator has-alpha-channel-opacity is-style-dots\"\/>\n<\/div>\n<\/div>\n\n\n\n<div class=\"wp-block-columns is-layout-flex wp-container-core-columns-is-layout-2 wp-block-columns-is-layout-flex\">\n<div class=\"wp-block-column is-layout-flow wp-block-column-is-layout-flow\" style=\"flex-basis:65%\">\n<h2 class=\"wp-block-heading has-text-color has-link-color has-x-large-font-size wp-elements-a59691347d32fd4c8d743c408aa0aef2\" style=\"color:#535353;font-style:italic;font-weight:600\">INICIOS<\/h2>\n\n\n\n<p>Desde peque\u00f1o me he movido entre ordenadores y coches de juguete. Siempre he sido un amante de los videojuegos de conducci\u00f3n y eso me ha inducido a una pasi\u00f3n por querer conocer las v\u00edas, carreteras y transportes en general. Con una impecable visi\u00f3n espacial y capacidad de recordar rutas, a menudo he asistido a compa\u00f1eros o desconocidos que no sab\u00edan c\u00f3mo acudir a un lugar sin necesidad de usar mapas y sabiendo combinar distintos medios de transporte. Eso, entre otras cosas, me acompa\u00f1\u00f3 durante toda mi vida hasta que descubr\u00ed que era mi verdadera vocaci\u00f3n, cuando tuve la enorme oportunidad de realizar mis pr\u00e1cticas en TUVISA y el pionero sistema de BRT, el BEi. Tras tantos proyectos, experiencias, oportunidades y galardones, me presento ante ti como un profesional con las cosas claras, determinado y con ilusi\u00f3n por descubrir cosas nuevas y mejorar las existentes. <strong>Ese es mi trabajo.<\/strong><\/p>\n<\/div>\n\n\n\n<div class=\"wp-block-column is-layout-flow wp-block-column-is-layout-flow\" style=\"flex-basis:35%\"><div class=\"wp-block-image is-style-default wp-duotone-unset-1\">\n<figure class=\"aligncenter size-large is-resized\"><img decoding=\"async\" src=\"https:\/\/gorkapradas.com\/wp-content\/uploads\/2024\/07\/R4A5673-683x1024.jpg\" alt=\"\" class=\"wp-image-383\" style=\"aspect-ratio:0.75;object-fit:cover;width:355px;height:auto\"\/><\/figure><\/div><\/div>\n<\/div>\n\n\n\n<div class=\"wp-block-columns is-layout-flex wp-container-core-columns-is-layout-4 wp-block-columns-is-layout-flex\">\n<div class=\"wp-block-column is-layout-flow wp-block-column-is-layout-flow\">\n<h2 class=\"wp-block-heading has-text-color has-link-color has-x-large-font-size wp-elements-c9801c2fa57d6d4b092447e045cb3297\" style=\"color:#535353;font-style:italic;font-weight:600\">CARRERA<\/h2>\n\n\n\n<p>En 2017, termin\u00e9 el bachillerato para adentrarme en el mundo de la Ingenier\u00eda Inform\u00e1tica, de la mano de la UPV\/EHU. Durante ese tiempo, he tenido la oportunidad de trabajar junto a la universidad y participar en sus din\u00e1micas, siendo delegado de mi curso durante 4 a\u00f1os, participando activamente en el Claustro y el Consejo de estudiantes, e iniciativas tan satisfactorias como el programa Buddy de acompa\u00f1amiento de estudiantes de intercambio, el programa BAT o Berdinen Arteko Tutoretza, que asist\u00eda a los nuevos estudiantes de ingenier\u00eda en los primeros meses. <\/p>\n\n\n\n<p>Tuve la suerte de realizar un intercambio Erasmus+ en Finlandia, lugar que admiro y siempre hab\u00eda deseado conocer, donde gan\u00e9 mi primer certamen CityThon del EIT Urban Mobility y aprend\u00ed el idioma finland\u00e9s, idioma que me encantar\u00eda seguir perfeccionando a d\u00eda de hoy junto a los que ya conozco.<\/p>\n\n\n\n<div class=\"wp-block-columns is-layout-flex wp-container-core-columns-is-layout-3 wp-block-columns-is-layout-flex\">\n<div class=\"wp-block-column is-layout-flow wp-block-column-is-layout-flow\" style=\"flex-basis:50%\">\n<p>Las pr\u00e1cticas las realic\u00e9 en TUVISA, compa\u00f1\u00eda de autobuses de Vitoria-Gasteiz que siempre llevar\u00e9 en el coraz\u00f3n y donde descubr\u00ed que la movilidad, y en especial la sostenible, era mi verdadera pasi\u00f3n y vocaci\u00f3n, elaborando un TFG sobre el an\u00e1lisis de mejoras de confort, recorrido y seguridad el BRT inteligente de la Green Capital. As\u00ed, con las incalculables experiencias en inform\u00e1tica que adquir\u00ed, me adentr\u00e9 en el M\u00e1ster de Movilidad Urbana Sostenible del EIT Urban Mobility y la Universitat Polit\u00e8cnica de Catalunya en Barcelona. <\/p>\n<\/div>\n\n\n\n<div class=\"wp-block-column is-layout-flow wp-block-column-is-layout-flow\" style=\"flex-basis:50%\">\n<figure class=\"wp-block-image size-large is-resized\"><img decoding=\"async\" width=\"1024\" height=\"768\" src=\"https:\/\/gorkapradas.com\/wp-content\/uploads\/2024\/07\/IMG-20220831-WA0006-1024x768.jpg\" alt=\"\" class=\"wp-image-425\" style=\"width:439px;height:auto\" srcset=\"https:\/\/gorkapradas.com\/wp-content\/uploads\/2024\/07\/IMG-20220831-WA0006-1024x768.jpg 1024w, https:\/\/gorkapradas.com\/wp-content\/uploads\/2024\/07\/IMG-20220831-WA0006-300x225.jpg 300w, https:\/\/gorkapradas.com\/wp-content\/uploads\/2024\/07\/IMG-20220831-WA0006-768x576.jpg 768w, https:\/\/gorkapradas.com\/wp-content\/uploads\/2024\/07\/IMG-20220831-WA0006-1536x1152.jpg 1536w, https:\/\/gorkapradas.com\/wp-content\/uploads\/2024\/07\/IMG-20220831-WA0006.jpg 2048w\" sizes=\"(max-width: 1024px) 100vw, 1024px\" \/><\/figure>\n<\/div>\n<\/div>\n\n\n\n<p>Durante el m\u00e1ster pude especializarme en la micromovilidad y el transporte p\u00fablico, siendo directivo de la Federaci\u00f3n Espa\u00f1ola de Veh\u00edculos de Movilidad Personal, trabajando en la consultor\u00eda de electrificaci\u00f3n de buses y el metro autom\u00e1tico de Barcelona en SENER, participando activamente en los PMUS de Barcelona y Vitoria-Gasteiz, logrando una beca en la ESADE para visitar el CERN de Ginebra y logrando grandes avances en materia de micromovilidad en Barcelona y Catalunya. El Trabajo de Fin de este M\u00e1ster trata de un proceso participativo a gran escala para la reordenaci\u00f3n de l\u00edneas de TUVISA, sin modificar desde 2009.<\/p>\n\n\n\n<hr class=\"wp-block-separator has-alpha-channel-opacity is-style-dots\"\/>\n\n\n<\/div>\n<\/div>\n\n\n\n<hr class=\"wp-block-separator has-alpha-channel-opacity is-style-dots\"\/>\n\n\n\n<h2 class=\"wp-block-heading has-text-color has-link-color has-x-large-font-size wp-elements-398ac3f2520603e422d7f13b95265686\" style=\"color:#535353;font-style:italic;font-weight:600\">VIDA PROFESIONAL<\/h2>\n\n\n\n<p>Mi carrera profesional siempre ha estado llena de mucho trabajo voluntario que me ha ayudado tanto o m\u00e1s que un puesto remunerado. A d\u00eda de hoy me desenvuelvo muy bien en bastantes sectores, \u00a1y es debido a las competencias, exigencias y retos que requieren estos trabajos desinteresados!<\/p>\n\n\n\n<p>Lo que m\u00e1s me caracteriza es mi capacidad de liderazgo para proyectos relacionados con la movilidad y la comunicaci\u00f3n. As\u00ed lo he demostrado tanto como vicepresidente de la Federaci\u00f3n Espa\u00f1ola de Veh\u00edculos de Movilidad Personal, como la coordinaci\u00f3n de la Semana de la Movilidad de Vitoria-Gasteiz o la colaboraci\u00f3n estrecha con la Smart City Expo World Congress de Barcelona.<\/p>\n\n\n\n<p>El primer sector que conoc\u00ed fue el del <em>community management<\/em>. Con tan s\u00f3lo 12 a\u00f1os, fui capaz de gestionar y llevar adelante un foro (en aqu\u00e9l entonces) relacionado con el mundo de los videojuegos con el que llegamos a lograr hasta 3000 usuarios activos, con una visi\u00f3n pionera en ese momento que nos permit\u00eda explorar diferentes herramientas que iban surgiendo desde el inicio de las redes sociales consolidadas. Este proyecto lleg\u00f3 a las redes sociales m\u00e1s conocidas, alcanzando en un mes m\u00e1s de 1000 seguidores en Twitter y llevando adelante canales de Twitch y Youtube junto a streamers populares del momento.<\/p>\n\n\n\n<p>A d\u00eda de hoy, sigo desenvolvi\u00e9ndome y desarroll\u00e1ndome en este sector, ya que a partir de ah\u00ed empec\u00e9 a gestionar otras comunidades y redes. A d\u00eda de hoy, he coordinado las redes sociales de la Federaci\u00f3n Espa\u00f1ola de Veh\u00edculos de Movilidad Personal, gestionado las redes de un partido pol\u00edtico local, colaborado en varios proyectos relacionados con todas las redes sociales m\u00e1s populares y actualmente, llevo tambi\u00e9n mis propias redes profesionales.<\/p>\n\n\n\n<div class=\"wp-block-columns is-layout-flex wp-container-core-columns-is-layout-5 wp-block-columns-is-layout-flex\">\n<div class=\"wp-block-column is-layout-flow wp-block-column-is-layout-flow\" style=\"flex-basis:60%\">\n<p>La comunicaci\u00f3n ha sido otro de mis puntos fuertes, si bien toda esta experiencia de gesti\u00f3n me ha ayudado a comprender muchos sectores y c\u00f3mo tratar con ellos. A nivel profesional, soy capaz de coordinar diferentes organismos y entidades con el fin de trabajar en el mismo proyecto u objetivo y as\u00ed lo he demostrado en exposiciones de referencia como el Smart City Expo World Congress, Mobile World Congress y muchas m\u00e1s similares, adem\u00e1s de coordinar eventos a gran escala como la Semana Europea de la Movilidad en Vitoria-Gasteiz.<\/p>\n<\/div>\n\n\n\n<div class=\"wp-block-column is-layout-flow wp-block-column-is-layout-flow\" style=\"flex-basis:40%\">\n<figure class=\"wp-block-image size-full is-resized\"><img decoding=\"async\" width=\"768\" height=\"512\" src=\"https:\/\/gorkapradas.com\/wp-content\/uploads\/2024\/07\/Smart-City_001-768x512-1.jpg\" alt=\"\" class=\"wp-image-430\" style=\"width:333px;height:auto\" srcset=\"https:\/\/gorkapradas.com\/wp-content\/uploads\/2024\/07\/Smart-City_001-768x512-1.jpg 768w, https:\/\/gorkapradas.com\/wp-content\/uploads\/2024\/07\/Smart-City_001-768x512-1-300x200.jpg 300w\" sizes=\"(max-width: 768px) 100vw, 768px\" \/><\/figure>\n<\/div>\n<\/div>\n\n\n\n<p>Durante estos \u00faltimos a\u00f1os, he estado trabajando junto a t\u00e9cnicos y pol\u00edticos de referencia en materia de movilidad sostenible para llevar adelante proyectos relacionados que requieren un muy alto grado de conocimiento de la materia. Destacar\u00eda las realizadas con el Ministerio de Transportes y Movilidad Sostenible, el Ayuntamiento de Vitoria-Gasteiz y Getafe y las Comisiones Europeas.<\/p>\n\n\n\n<p>Y podr\u00eda escribir m\u00e1s y m\u00e1s&#8230; \u00a1Es tanta la experiencia adquirida en tan poco tiempo que te marchar\u00edas de la p\u00e1gina sin leer los siguientes puntos!<\/p>\n\n\n\n<hr class=\"wp-block-separator has-alpha-channel-opacity is-style-dots\"\/>\n\n\n\n\n\n<hr class=\"wp-block-separator has-text-color has-white-color has-alpha-channel-opacity has-white-background-color has-background is-style-dots\"\/>\n\n\n\n<hr class=\"wp-block-separator has-alpha-channel-opacity is-style-dots\"\/>\n\n\n\n<hr class=\"wp-block-separator has-text-color has-white-color has-alpha-channel-opacity has-white-background-color has-background is-style-dots\"\/>\n\n\n\n<h2 class=\"wp-block-heading\">Premios y galardones<\/h2>\n\n\n\n<p>Mi carrera profesional se ha llenado con el tiempo de numerosos \u00e9xitos, frutos de un trabajo impecable, constante y determinado. Sin embargo, el que m\u00e1s me llena de orgullo es el de haber sido reconocido por Nova Talent:<\/p>\n\n\n\n<hr class=\"wp-block-separator has-text-color has-white-color has-alpha-channel-opacity has-white-background-color has-background is-style-dots\"\/>\n\n\n\n<h3 class=\"wp-block-heading has-text-align-center\">Top 111 de j\u00f3venes con mayor potencial de Espa\u00f1a,<\/h3>\n\n\n\n<h3 class=\"wp-block-heading has-text-align-center\">Top 10 en movilidad<\/h3>\n\n\n\n<figure class=\"wp-block-image size-full\"><img loading=\"lazy\" decoding=\"async\" width=\"1280\" height=\"853\" src=\"https:\/\/gorkapradas.com\/wp-content\/uploads\/2024\/07\/photo_2024-07-23_01-26-21.jpg\" alt=\"\" class=\"wp-image-647\" srcset=\"https:\/\/gorkapradas.com\/wp-content\/uploads\/2024\/07\/photo_2024-07-23_01-26-21.jpg 1280w, https:\/\/gorkapradas.com\/wp-content\/uploads\/2024\/07\/photo_2024-07-23_01-26-21-300x200.jpg 300w, https:\/\/gorkapradas.com\/wp-content\/uploads\/2024\/07\/photo_2024-07-23_01-26-21-1024x682.jpg 1024w, https:\/\/gorkapradas.com\/wp-content\/uploads\/2024\/07\/photo_2024-07-23_01-26-21-768x512.jpg 768w\" sizes=\"(max-width: 1280px) 100vw, 1280px\" \/><\/figure>\n\n\n\n<p>Fui premiado por la impulsora Nova Talent, donde colaboran grandes empresas como Fever, Globalvia, Naturgy, Unilever y la universidad CUNEF, como uno de los 111 j\u00f3venes con mayor potencial del pa\u00eds. Dentro de los 111, se destacan en categor\u00edas diferentes donde yo me encuentro en la de Movilidad e Ingenier\u00eda Civil. Sin duda, todo un honor el haber podido ser reconocido de esta manera por todo mi trabajo durante m\u00e1s de media d\u00e9cada.<\/p>\n\n\n\n<hr class=\"wp-block-separator has-text-color has-white-color has-alpha-channel-opacity has-white-background-color has-background is-style-dots\"\/>\n\n\n\n<h3 class=\"wp-block-heading has-text-align-center\">Premios a proyectos de movilidad<\/h3>\n\n\n\n<p>Adem\u00e1s de los \u00e9xitos como profesional, tambi\u00e9n he dise\u00f1ado diferentes proyectos dedicados a la movilidad sostenible o a la participaci\u00f3n ciudadana que han sido reconocidos por instituciones como el Ayuntamiento de Vitoria-Gasteiz, la Diputaci\u00f3n Foral de Araba o el EIT Urban Mobility.<\/p>\n\n\n\n<p>A nivel internacional, mis proyectos Lasai-Lasai y Orlegi, encaminados a lograr una log\u00edstica de \u00faltima milla \u00f3ptima y una herramienta eficaz de participaci\u00f3n ciudadana respectivamente, ganaron los prestigiosos premios CityThon a nivel nacional, ganando Orlegi adem\u00e1s el premio New European Bauhaus por el cual lo pudimos dise\u00f1ar y prototipar:<\/p>\n\n\n\n<div class=\"wp-block-columns is-layout-flex wp-container-core-columns-is-layout-6 wp-block-columns-is-layout-flex\">\n<div class=\"wp-block-column is-layout-flow wp-block-column-is-layout-flow\">\n<figure class=\"wp-block-image size-large\"><img loading=\"lazy\" decoding=\"async\" width=\"1024\" height=\"763\" src=\"https:\/\/gorkapradas.com\/wp-content\/uploads\/2024\/07\/photo_2024-07-23_01-21-35-1024x763.jpg\" alt=\"\" class=\"wp-image-640\" style=\"object-fit:cover\" srcset=\"https:\/\/gorkapradas.com\/wp-content\/uploads\/2024\/07\/photo_2024-07-23_01-21-35-1024x763.jpg 1024w, https:\/\/gorkapradas.com\/wp-content\/uploads\/2024\/07\/photo_2024-07-23_01-21-35-300x224.jpg 300w, https:\/\/gorkapradas.com\/wp-content\/uploads\/2024\/07\/photo_2024-07-23_01-21-35-768x572.jpg 768w, https:\/\/gorkapradas.com\/wp-content\/uploads\/2024\/07\/photo_2024-07-23_01-21-35.jpg 1280w\" sizes=\"(max-width: 1024px) 100vw, 1024px\" \/><\/figure>\n<\/div>\n\n\n\n<div class=\"wp-block-column is-layout-flow wp-block-column-is-layout-flow\">\n<figure class=\"wp-block-image size-large\"><img loading=\"lazy\" decoding=\"async\" width=\"1024\" height=\"1024\" src=\"https:\/\/gorkapradas.com\/wp-content\/uploads\/2024\/07\/NEB-Hackathon-Winners-LinkedIn-1024x1024.png\" alt=\"\" class=\"wp-image-641\" srcset=\"https:\/\/gorkapradas.com\/wp-content\/uploads\/2024\/07\/NEB-Hackathon-Winners-LinkedIn-1024x1024.png 1024w, https:\/\/gorkapradas.com\/wp-content\/uploads\/2024\/07\/NEB-Hackathon-Winners-LinkedIn-300x300.png 300w, https:\/\/gorkapradas.com\/wp-content\/uploads\/2024\/07\/NEB-Hackathon-Winners-LinkedIn-150x150.png 150w, https:\/\/gorkapradas.com\/wp-content\/uploads\/2024\/07\/NEB-Hackathon-Winners-LinkedIn-768x768.png 768w, https:\/\/gorkapradas.com\/wp-content\/uploads\/2024\/07\/NEB-Hackathon-Winners-LinkedIn-450x450.png 450w, https:\/\/gorkapradas.com\/wp-content\/uploads\/2024\/07\/NEB-Hackathon-Winners-LinkedIn-600x600.png 600w, https:\/\/gorkapradas.com\/wp-content\/uploads\/2024\/07\/NEB-Hackathon-Winners-LinkedIn.png 1200w\" sizes=\"(max-width: 1024px) 100vw, 1024px\" \/><\/figure>\n<\/div>\n\n\n\n<div class=\"wp-block-column is-layout-flow wp-block-column-is-layout-flow\">\n<figure class=\"wp-block-image size-large\"><img loading=\"lazy\" decoding=\"async\" width=\"1024\" height=\"734\" src=\"https:\/\/gorkapradas.com\/wp-content\/uploads\/2024\/07\/photo_2024-07-23_01-21-38-1024x734.jpg\" alt=\"\" class=\"wp-image-642\" style=\"object-fit:cover\" srcset=\"https:\/\/gorkapradas.com\/wp-content\/uploads\/2024\/07\/photo_2024-07-23_01-21-38-1024x734.jpg 1024w, https:\/\/gorkapradas.com\/wp-content\/uploads\/2024\/07\/photo_2024-07-23_01-21-38-300x215.jpg 300w, https:\/\/gorkapradas.com\/wp-content\/uploads\/2024\/07\/photo_2024-07-23_01-21-38-768x551.jpg 768w, https:\/\/gorkapradas.com\/wp-content\/uploads\/2024\/07\/photo_2024-07-23_01-21-38.jpg 1280w\" sizes=\"(max-width: 1024px) 100vw, 1024px\" \/><\/figure>\n<\/div>\n<\/div>\n\n\n\n<p>A nivel regional, estos proyectos tambi\u00e9n han sido reconocidos en las dos ediciones consecutivas de \u00c1lava Emprende:<\/p>\n\n\n\n<div class=\"wp-block-columns is-layout-flex wp-container-core-columns-is-layout-7 wp-block-columns-is-layout-flex\">\n<div class=\"wp-block-column is-layout-flow wp-block-column-is-layout-flow\">\n<figure class=\"wp-block-image size-large\"><img loading=\"lazy\" decoding=\"async\" width=\"1024\" height=\"722\" src=\"https:\/\/gorkapradas.com\/wp-content\/uploads\/2024\/07\/photo_1_2024-07-23_01-31-30-1024x722.jpg\" alt=\"\" class=\"wp-image-651\" srcset=\"https:\/\/gorkapradas.com\/wp-content\/uploads\/2024\/07\/photo_1_2024-07-23_01-31-30-1024x722.jpg 1024w, https:\/\/gorkapradas.com\/wp-content\/uploads\/2024\/07\/photo_1_2024-07-23_01-31-30-300x212.jpg 300w, https:\/\/gorkapradas.com\/wp-content\/uploads\/2024\/07\/photo_1_2024-07-23_01-31-30-768x542.jpg 768w, https:\/\/gorkapradas.com\/wp-content\/uploads\/2024\/07\/photo_1_2024-07-23_01-31-30.jpg 1280w\" sizes=\"(max-width: 1024px) 100vw, 1024px\" \/><\/figure>\n<\/div>\n\n\n\n<div class=\"wp-block-column is-layout-flow wp-block-column-is-layout-flow\">\n<figure class=\"wp-block-image size-large\"><img loading=\"lazy\" decoding=\"async\" width=\"1024\" height=\"726\" src=\"https:\/\/gorkapradas.com\/wp-content\/uploads\/2024\/07\/photo_2_2024-07-23_01-31-30-1024x726.jpg\" alt=\"\" class=\"wp-image-652\" srcset=\"https:\/\/gorkapradas.com\/wp-content\/uploads\/2024\/07\/photo_2_2024-07-23_01-31-30-1024x726.jpg 1024w, https:\/\/gorkapradas.com\/wp-content\/uploads\/2024\/07\/photo_2_2024-07-23_01-31-30-300x213.jpg 300w, https:\/\/gorkapradas.com\/wp-content\/uploads\/2024\/07\/photo_2_2024-07-23_01-31-30-768x544.jpg 768w, https:\/\/gorkapradas.com\/wp-content\/uploads\/2024\/07\/photo_2_2024-07-23_01-31-30.jpg 1280w\" sizes=\"(max-width: 1024px) 100vw, 1024px\" \/><\/figure>\n<\/div>\n<\/div>\n\n\n\n<hr class=\"wp-block-separator has-text-color has-white-color has-alpha-channel-opacity has-white-background-color has-background is-style-dots\"\/>\n\n\n\n<hr class=\"wp-block-separator has-alpha-channel-opacity is-style-dots\"\/>\n\n\n\n<hr class=\"wp-block-separator has-text-color has-white-color has-alpha-channel-opacity has-white-background-color has-background is-style-dots\"\/>\n\n\n\n<h2 class=\"wp-block-heading\">Trabajador, leal, determinado y orientado a resultados, con criterio profesional y desde una perspectiva humanista. Ese es mi trabajo.<\/h2>\n\n\n\n<figure class=\"wp-block-image size-large\"><img loading=\"lazy\" decoding=\"async\" width=\"1024\" height=\"683\" src=\"https:\/\/gorkapradas.com\/wp-content\/uploads\/2024\/07\/TALLERES-PARTICIPATIVOS-COMPLETOS_fotos-Agenda-2030_Montehermoso_21052022_Agenda-2030_Montehermoso_21052022_1951663016838277-1024x683.jpg\" alt=\"\" class=\"wp-image-416\" srcset=\"https:\/\/gorkapradas.com\/wp-content\/uploads\/2024\/07\/TALLERES-PARTICIPATIVOS-COMPLETOS_fotos-Agenda-2030_Montehermoso_21052022_Agenda-2030_Montehermoso_21052022_1951663016838277-1024x683.jpg 1024w, https:\/\/gorkapradas.com\/wp-content\/uploads\/2024\/07\/TALLERES-PARTICIPATIVOS-COMPLETOS_fotos-Agenda-2030_Montehermoso_21052022_Agenda-2030_Montehermoso_21052022_1951663016838277-300x200.jpg 300w, https:\/\/gorkapradas.com\/wp-content\/uploads\/2024\/07\/TALLERES-PARTICIPATIVOS-COMPLETOS_fotos-Agenda-2030_Montehermoso_21052022_Agenda-2030_Montehermoso_21052022_1951663016838277-768x512.jpg 768w, https:\/\/gorkapradas.com\/wp-content\/uploads\/2024\/07\/TALLERES-PARTICIPATIVOS-COMPLETOS_fotos-Agenda-2030_Montehermoso_21052022_Agenda-2030_Montehermoso_21052022_1951663016838277-1536x1024.jpg 1536w, https:\/\/gorkapradas.com\/wp-content\/uploads\/2024\/07\/TALLERES-PARTICIPATIVOS-COMPLETOS_fotos-Agenda-2030_Montehermoso_21052022_Agenda-2030_Montehermoso_21052022_1951663016838277-2048x1365.jpg 2048w\" sizes=\"(max-width: 1024px) 100vw, 1024px\" \/><\/figure>\n","protected":false},"excerpt":{"rendered":"<p>Top 111 de j\u00f3venes con mayor potencial de Espa\u00f1a, Top 10 en movilidad Movilidad, sostenibilidad, liderazgo y comunicaci\u00f3n. Fundamentos que me definen para ofrecer todo lo que tengo a mi alcance y me permiten aportar<\/p>\n","protected":false},"author":1,"featured_media":0,"parent":0,"menu_order":0,"comment_status":"closed","ping_status":"closed","template":"","meta":{"om_disable_all_campaigns":false,"_monsterinsights_skip_tracking":false,"_monsterinsights_sitenote_active":false,"_monsterinsights_sitenote_note":"","_monsterinsights_sitenote_category":0,"_uf_show_specific_survey":0,"_uf_disable_surveys":false,"h5ap_radio_sources":[],"footnotes":""},"class_list":["post-378","page","type-page","status-publish","hentry"],"aioseo_notices":[],"_links":{"self":[{"href":"https:\/\/gorkapradas.com\/index.php\/wp-json\/wp\/v2\/pages\/378","targetHints":{"allow":["GET"]}}],"collection":[{"href":"https:\/\/gorkapradas.com\/index.php\/wp-json\/wp\/v2\/pages"}],"about":[{"href":"https:\/\/gorkapradas.com\/index.php\/wp-json\/wp\/v2\/types\/page"}],"author":[{"embeddable":true,"href":"https:\/\/gorkapradas.com\/index.php\/wp-json\/wp\/v2\/users\/1"}],"replies":[{"embeddable":true,"href":"https:\/\/gorkapradas.com\/index.php\/wp-json\/wp\/v2\/comments?post=378"}],"version-history":[{"count":52,"href":"https:\/\/gorkapradas.com\/index.php\/wp-json\/wp\/v2\/pages\/378\/revisions"}],"predecessor-version":[{"id":660,"href":"https:\/\/gorkapradas.com\/index.php\/wp-json\/wp\/v2\/pages\/378\/revisions\/660"}],"wp:attachment":[{"href":"https:\/\/gorkapradas.com\/index.php\/wp-json\/wp\/v2\/media?parent=378"}],"curies":[{"name":"wp","href":"https:\/\/api.w.org\/{rel}","templated":true}]}}